{"id":4941,"date":"2025-04-23T16:53:44","date_gmt":"2025-04-23T16:53:44","guid":{"rendered":"https:\/\/www.vowiconsulting.de\/?page_id=4941"},"modified":"2025-04-25T16:49:51","modified_gmt":"2025-04-25T16:49:51","slug":"verkauf-gebrauchter-medizinischer-geraete","status":"publish","type":"page","link":"https:\/\/www.vowiconsulting.de\/index.php\/verkauf-gebrauchter-medizinischer-geraete\/","title":{"rendered":"Verkauf gebrauchter medizinischer Ger\u00e4te"},"content":{"rendered":"\n<p><\/p>\n\n\n\n<div class=\"wp-block-media-text alignwide is-stacked-on-mobile is-image-fill\" style=\"grid-template-columns:29% auto\"><figure class=\"wp-block-media-text__media\" style=\"background-image:url(https:\/\/www.vowiconsulting.de\/wp-content\/uploads\/2023\/11\/Ziehm-Solo-Kopie-verkauft-956x1024.jpg);background-position:57% 37%\"><img decoding=\"async\" loading=\"lazy\" width=\"956\" height=\"1024\" src=\"https:\/\/www.vowiconsulting.de\/wp-content\/uploads\/2023\/11\/Ziehm-Solo-Kopie-verkauft-956x1024.jpg\" alt=\"\" class=\"wp-image-4784 size-full\" srcset=\"https:\/\/www.vowiconsulting.de\/wp-content\/uploads\/2023\/11\/Ziehm-Solo-Kopie-verkauft-956x1024.jpg 956w, https:\/\/www.vowiconsulting.de\/wp-content\/uploads\/2023\/11\/Ziehm-Solo-Kopie-verkauft-280x300.jpg 280w, https:\/\/www.vowiconsulting.de\/wp-content\/uploads\/2023\/11\/Ziehm-Solo-Kopie-verkauft-768x822.jpg 768w, https:\/\/www.vowiconsulting.de\/wp-content\/uploads\/2023\/11\/Ziehm-Solo-Kopie-verkauft-450x482.jpg 450w, https:\/\/www.vowiconsulting.de\/wp-content\/uploads\/2023\/11\/Ziehm-Solo-Kopie-verkauft.jpg 1116w\" sizes=\"(max-width: 956px) 100vw, 956px\" \/><\/figure><div class=\"wp-block-media-text__content\">\n<p style=\"font-size:26px\">Verkaufen Sie Ihre gebrauchten Ger\u00e4te \u00fcber unseren Vermittlungsservice:<\/p>\n\n\n\n<p class=\"has-normal-font-size\">Nutzen Sie <strong>unseren Vermittlungsservice als Alternative <\/strong>zum Verkauf an Ihren Gebrauchth\u00e4ndler oder zur Inzahlungnahme der Hersteller, egal ob Ihre Ger\u00e4te bereits au\u00dfer Betrieb oder noch im Einsatz sind.<\/p>\n\n\n\n<p style=\"font-size:26px\">Ihre Vorteile:<\/p>\n\n\n\n<ul>\n<li>F\u00fcr die Vermittlung Ihres Ger\u00e4tes kontaktieren wir<strong> \u00fcber 1.000 potentielle K\u00e4ufer<\/strong> (Krankenh\u00e4user, Kliniken und Arztpraxen in Deutschland, aber auch in ganz Europa). Somit k\u00f6nnen wir f\u00fcr Sie den maximal m\u00f6glichen Verkaufspreis erzielen. Da wir Ihr gebrauchtes Ger\u00e4t zum Marktpreis vermitteln, <strong>erreichen wir<\/strong> abz\u00fcglich unserer Provision <strong>einen h\u00f6heren Verkaufspreis bzw. Mehrerl\u00f6s f\u00fcr Sie im Vergleich zu anderen Verkaufsoptionen<\/strong>.<\/li>\n\n\n\n<li>Wir k\u00fcmmern uns um den Verkauf Ihrer gebrauchten Ger\u00e4te und schaffen Ihnen mehr Freiraum f\u00fcr Ihr Tagesgesch\u00e4ft.<\/li>\n\n\n\n<li>Wir vermitteln nur an medizinische Einrichtungen.<\/li>\n<\/ul>\n\n\n\n<p><\/p>\n\n\n\n<div class=\"wp-block-stackable-spacer stk-block-spacer stk--no-padding stk-block stk-7519f5e\" data-block-id=\"7519f5e\"><\/div>\n\n\n\n<p style=\"font-size:24px\">Wenn Ihre Ger\u00e4te <strong>noch im Einsatz sind<\/strong>:<\/p>\n\n\n\n<ul>\n<li>Erzielen wir f\u00fcr Sie einen h\u00f6heren Verkaufspreis, da f\u00fcr den K\u00e4ufer ersichtlich, dass die Ger\u00e4te noch voll funktionsf\u00e4hig sind.<\/li>\n\n\n\n<li>Ist nach Au\u00dferbetriebnahme der Ger\u00e4te keine Lagerung erforderlich, da diese dann sofort vom K\u00e4ufer abgeholt werden.<\/li>\n<\/ul>\n<\/div><\/div>\n\n\n\n<div class=\"wp-block-stackable-spacer stk-block-spacer stk--no-padding stk-block stk-6351cc9\" data-block-id=\"6351cc9\"><\/div>\n\n\n\n<div class=\"wp-block-stackable-spacer stk-block-spacer stk--no-padding stk-block stk-79fbce8\" data-block-id=\"79fbce8\"><\/div>\n\n\n\n<div class=\"wp-block-media-text alignwide is-stacked-on-mobile\" style=\"grid-template-columns:23% auto\"><figure class=\"wp-block-media-text__media\"><img decoding=\"async\" loading=\"lazy\" width=\"1024\" height=\"678\" src=\"https:\/\/www.vowiconsulting.de\/wp-content\/uploads\/2025\/04\/contact-us-g59e303d95_1920-1-1024x678.jpg\" alt=\"\" class=\"wp-image-4945 size-full\" srcset=\"https:\/\/www.vowiconsulting.de\/wp-content\/uploads\/2025\/04\/contact-us-g59e303d95_1920-1-1024x678.jpg 1024w, https:\/\/www.vowiconsulting.de\/wp-content\/uploads\/2025\/04\/contact-us-g59e303d95_1920-1-300x199.jpg 300w, https:\/\/www.vowiconsulting.de\/wp-content\/uploads\/2025\/04\/contact-us-g59e303d95_1920-1-768x509.jpg 768w, https:\/\/www.vowiconsulting.de\/wp-content\/uploads\/2025\/04\/contact-us-g59e303d95_1920-1-1536x1018.jpg 1536w, https:\/\/www.vowiconsulting.de\/wp-content\/uploads\/2025\/04\/contact-us-g59e303d95_1920-1-453x300.jpg 453w, https:\/\/www.vowiconsulting.de\/wp-content\/uploads\/2025\/04\/contact-us-g59e303d95_1920-1-450x298.jpg 450w, https:\/\/www.vowiconsulting.de\/wp-content\/uploads\/2025\/04\/contact-us-g59e303d95_1920-1.jpg 1920w\" sizes=\"(max-width: 1024px) 100vw, 1024px\" \/><\/figure><div class=\"wp-block-media-text__content\">\n<p>F\u00fcr weitere Fragen, wie. z.B. \u00fcber den Ablauf der Vermittlung, Preise etc. k\u00f6nnen Sie uns gerne kontaktieren.<\/p>\n\n\n\n<div class=\"wp-block-stackable-button-group stk-block-button-group stk-block stk-83d76d6\" data-block-id=\"83d76d6\"><div class=\"stk-row stk-inner-blocks has-text-align-right stk-block-content stk-button-group\">\n<div class=\"wp-block-stackable-button stk-block-button has-text-align-right stk-block stk-35f3751\" data-block-id=\"35f3751\"><a class=\"stk-link stk-button stk--hover-effect-darken\" href=\"mailto:gf@vowiconsulting.de\" target=\"_blank\" rel=\"noreferrer noopener\"><span class=\"has-text-color stk-button__inner-text\">Senden Sie uns eine E-Mail<\/span><\/a><\/div>\n<\/div><\/div>\n<\/div><\/div>\n<style class=\"advgb-styles-renderer\">.stk-7519f5e{height:35px !important}.stk-79fbce8{height:100px !important}.stk-35f3751 .stk-button{background:#0d048c !important}.stk-35f3751 .stk-button__inner-text{color:#FFFFFF !important}<\/style>","protected":false},"excerpt":{"rendered":"","protected":false},"author":1,"featured_media":0,"parent":0,"menu_order":0,"comment_status":"closed","ping_status":"closed","template":"","meta":{"advgb_blocks_editor_width":"","advgb_blocks_columns_visual_guide":""},"featured_image_urls":{"full":"","thumbnail":"","medium":"","medium_large":"","large":"","1536x1536":"","2048x2048":"","post-thumbnail":"","bravada-featured":"","bravada-featured-lp":"","bravada-featured-half":"","bravada-featured-third":"","bravada-lpbox-1":"","bravada-lpbox-2":"","woocommerce_thumbnail":"","woocommerce_single":"","woocommerce_gallery_thumbnail":""},"post_excerpt_stackable":"<p>Verkaufen Sie Ihre gebrauchten Ger\u00e4te \u00fcber unseren Vermittlungsservice: Nutzen Sie unseren Vermittlungsservice als Alternative zum Verkauf an Ihren Gebrauchth\u00e4ndler oder zur Inzahlungnahme der Hersteller, egal ob Ihre Ger\u00e4te bereits au\u00dfer Betrieb oder noch im Einsatz sind. Ihre Vorteile: F\u00fcr die Vermittlung Ihres Ger\u00e4tes kontaktieren wir \u00fcber 1.000 potentielle K\u00e4ufer (Krankenh\u00e4user, Kliniken und Arztpraxen in Deutschland, aber auch in ganz Europa). Somit k\u00f6nnen wir f\u00fcr Sie den maximal m\u00f6glichen Verkaufspreis erzielen. Da wir Ihr gebrauchtes Ger\u00e4t zum Marktpreis vermitteln, erreichen wir abz\u00fcglich unserer Provision einen h\u00f6heren Verkaufspreis bzw. Mehrerl\u00f6s f\u00fcr Sie im Vergleich zu anderen Verkaufsoptionen. Wir k\u00fcmmern uns um den&hellip;<\/p>\n","category_list":"","author_info":{"name":"vowiangebote","url":"https:\/\/www.vowiconsulting.de\/index.php\/author\/vowiangebote\/"},"comments_num":"0 comments","featured_image_urls_v2":{"full":"","thumbnail":"","medium":"","medium_large":"","large":"","1536x1536":"","2048x2048":"","post-thumbnail":"","bravada-featured":"","bravada-featured-lp":"","bravada-featured-half":"","bravada-featured-third":"","bravada-lpbox-1":"","bravada-lpbox-2":"","woocommerce_thumbnail":"","woocommerce_single":"","woocommerce_gallery_thumbnail":""},"post_excerpt_stackable_v2":"<p>Verkaufen Sie Ihre gebrauchten Ger\u00e4te \u00fcber unseren Vermittlungsservice: Nutzen Sie unseren Vermittlungsservice als Alternative zum Verkauf an Ihren Gebrauchth\u00e4ndler oder zur Inzahlungnahme der Hersteller, egal ob Ihre Ger\u00e4te bereits au\u00dfer Betrieb oder noch im Einsatz sind. Ihre Vorteile: F\u00fcr die Vermittlung Ihres Ger\u00e4tes kontaktieren wir \u00fcber 1.000 potentielle K\u00e4ufer (Krankenh\u00e4user, Kliniken und Arztpraxen in Deutschland, aber auch in ganz Europa). Somit k\u00f6nnen wir f\u00fcr Sie den maximal m\u00f6glichen Verkaufspreis erzielen. Da wir Ihr gebrauchtes Ger\u00e4t zum Marktpreis vermitteln, erreichen wir abz\u00fcglich unserer Provision einen h\u00f6heren Verkaufspreis bzw. Mehrerl\u00f6s f\u00fcr Sie im Vergleich zu anderen Verkaufsoptionen. Wir k\u00fcmmern uns um den&hellip;<\/p>\n","category_list_v2":"","author_info_v2":{"name":"vowiangebote","url":"https:\/\/www.vowiconsulting.de\/index.php\/author\/vowiangebote\/"},"comments_num_v2":"0 comments","coauthors":[],"author_meta":{"author_link":"https:\/\/www.vowiconsulting.de\/index.php\/author\/vowiangebote\/","display_name":"vowiangebote"},"relative_dates":{"created":"Posted 1\u00a0Jahr ago","modified":"Updated 1\u00a0Jahr ago"},"absolute_dates":{"created":"Posted on 23\/04\/2025","modified":"Updated on 25\/04\/2025"},"absolute_dates_time":{"created":"Posted on 23\/04\/2025 16:53","modified":"Updated on 25\/04\/2025 16:49"},"featured_img_caption":"","featured_img":false,"series_order":"","_links":{"self":[{"href":"https:\/\/www.vowiconsulting.de\/index.php\/wp-json\/wp\/v2\/pages\/4941"}],"collection":[{"href":"https:\/\/www.vowiconsulting.de\/index.php\/wp-json\/wp\/v2\/pages"}],"about":[{"href":"https:\/\/www.vowiconsulting.de\/index.php\/wp-json\/wp\/v2\/types\/page"}],"author":[{"embeddable":true,"href":"https:\/\/www.vowiconsulting.de\/index.php\/wp-json\/wp\/v2\/users\/1"}],"replies":[{"embeddable":true,"href":"https:\/\/www.vowiconsulting.de\/index.php\/wp-json\/wp\/v2\/comments?post=4941"}],"version-history":[{"count":11,"href":"https:\/\/www.vowiconsulting.de\/index.php\/wp-json\/wp\/v2\/pages\/4941\/revisions"}],"predecessor-version":[{"id":5016,"href":"https:\/\/www.vowiconsulting.de\/index.php\/wp-json\/wp\/v2\/pages\/4941\/revisions\/5016"}],"wp:attachment":[{"href":"https:\/\/www.vowiconsulting.de\/index.php\/wp-json\/wp\/v2\/media?parent=4941"}],"curies":[{"name":"wp","href":"https:\/\/api.w.org\/{rel}","templated":true}]}}